divisor of 30302 and 654?
218
Calculate the highest common divisor of 806 and 2108.
62
What is the highest common factor of 117 and 6126822?
117
What is the highest common factor of 12460 and 84?
28
What is the greatest common divisor of 67536 and 19656?
504
What is the highest common factor of 139 and 26683691?
139
What is the greatest common factor of 1793 and 321273?
163
What is the highest common factor of 3366751 and 47?
47
Calculate the greatest common divisor of 1551 and 6063.
141
Calculate the highest common divisor of 85 and 15255.
5
What is the highest common divisor of 3075 and 10025?
25
Calculate the greatest common factor of 1332 and 5088.
12
What is the greatest common divisor of 376 and 6376?
8
What is the greatest common divisor of 8 and 21692?
4
What is the greatest common divisor of 306 and 4454?
34
What is the greatest common factor of 28152 and 9522?
414
Calculate the greatest common factor of 66 and 1064547.
33
Calculate the greatest common divisor of 253 and 2607.
11
Calculate the greatest common divisor of 4753 and 12103.
49
What is the highest common divisor of 56 and 2498?
2
What is the greatest common divisor of 41490 and 540?
90
Calculate the highest common factor of 305 and 2160.
5
What is the highest common factor of 1638 and 31304?
182
Calculate the highest common divisor of 34315 and 175.
5
What is the highest common divisor of 48082 and 116?
58
What is the highest common factor of 8778 and 1820?
14
Calculate the highest common factor of 28 and 244132.
28
Calculate the greatest common factor of 13 and 163943.
13
What is the greatest common factor of 1430 and 3850?
110
What is the highest common divisor of 347066 and 388?
194
Calculate the greatest common divisor of 928 and 227476.
116
What is the greatest common factor of 29952 and 5376?
768
Calculate the greatest common divisor of 21505 and 5049.
187
What is the greatest common divisor of 49910 and 775?
155
What is the greatest common factor of 1545572 and 289?
289
Calculate the greatest common factor of 2749875 and 250.
125
What is the highest common divisor of 176 and 13288?
88
What is the highest common factor of 57511 and 199?
199
What is the highest common factor of 330 and 1133?
11
What is the highest common factor of 2097 and 909?
9
Calculate the greatest common factor of 339 and 18131754.
339
Calculate the highest common divisor of 5673 and 5301.
93
Calculate the greatest common divisor of 1149692 and 10244.
788
Calculate the highest common factor of 102 and 18411.
51
What is the highest common divisor of 1848 and 63063?
231
Calculate the highest common factor of 13521 and 3.
3
Calculate the highest common factor of 184332 and 12.
12
Calculate the highest common divisor of 2033 and 15751.
19
What is the highest common factor of 7619 and 11629?
401
Calculate the highest common factor of 251982 and 1602.
18
Calculate the greatest common divisor of 265130 and 120.
10
What is the greatest common factor of 163 and 1152736?
163
Calculate the highest common divisor of 1311 and 6726.
57
What is the greatest common divisor of 10 and 885770?
10
What is the highest common divisor of 119985 and 1425?
285
What is the highest common divisor of 4 and 958?
2
What is the greatest common factor of 399 and 400218?
21
Calculate the greatest common divisor of 1508 and 38831.
377
Calculate the highest common divisor of 342240 and 1248.
96
What is the greatest common factor of 45 and 10437795?
45
Calculate the greatest common factor of 74881 and 12154.
103
What is the greatest common factor of 1187614 and 76?
38
Calculate the greatest common factor of 242312 and 112.
56
What is the highest common factor of 11058 and 375?
3
Calculate the highest common factor of 21 and 14358.
3
Calculate the greatest common divisor of 119 and 121261.
119
Calculate the greatest common factor of 66665 and 3015.
335
What is the highest common factor of 2637216 and 288?
288
What is the greatest common divisor of 2794619 and 31?
31
Calculate the highest common divisor of 412292 and 236.
236
What is the greatest common factor of 73273 and 329?
47
What is the greatest common divisor of 210956 and 828?
92
What is the highest common divisor of 22016 and 43?
43
Calculate the highest common divisor of 460448 and 32.
32
Calculate the greatest common factor of 343 and 2191.
7
What is the highest common divisor of 567 and 2296917?
567
What is the greatest common divisor of 19350 and 102600?
450
What is the highest common factor of 30 and 16854?
6
What is the greatest common divisor of 1934606 and 106?
106
Calculate the highest common divisor of 299 and 76889.
23
What is the highest common factor of 28 and 139076?
28
What is the highest common factor of 8 and 625824?
8
What is the highest common divisor of 102 and 76823?
17
What is the highest common divisor of 3156 and 1092?
12
Calculate the greatest common divisor of 634 and 3053027.
317
What is the greatest common divisor of 7680 and 53355?
15
Calculate the greatest common divisor of 3629 and 32279.
191
Calculate the highest common divisor of 161 and 1345339.
23
What is the highest common divisor of 18 and 92830?
2
Calculate the greatest common divisor of 127205 and 845.
65
Calculate the highest common divisor of 12575 and 2900.
25
Calculate the greatest common factor of 845 and 4795544.
169
What is the greatest common divisor of 575 and 40075?
25
What is the greatest common divisor of 99532 and 1192?
596
Calculate the greatest common factor of 145 and 142622.
29
Calculate the greatest common divisor of 116468 and 44.
44
What is the greatest common factor of 533 and 20131?
41
Calculate the highest common divisor of 164012 and 8908.
524
What is the highest common divisor of 136876 and 988?
76
What is the greatest common divisor of 442716 and 48?
12
Calculate the greatest common divisor of 355 and 10721.
71
What is the highest common factor of 7774 and 3380?
338
What is the greatest common divisor of 4 and 401068?
4
What is the greatest common factor of 188117 and 46?
23
Calculate the highest common divisor of 5019 and 1281.
21
Calculate the greatest common divisor of 724204 and 247.
247
What is the highest common factor of 1424 and 16465?
89
Calculate the greatest common factor of 75 and 976830.
15
What is the greatest common factor of 1209120 and 600?
120
Calculate the highest common factor of 22 and 11998.
2
Calculate the greatest common factor of 3920 and 1499120.
560
Calculate the greatest common factor of 51 and 2506038.
51
Calculate the highest common factor of 1333939 and 119.
17
Calculate the highest common divisor of 7271 and 121.
11
What is the highest common divisor of 83739 and 43089?
813
What is the greatest common divisor of 7572 and 48?
12
Calculate the greatest common divisor of 794 and 8862628.
794
Calculate the greatest common divisor of 21310 and 20.
10
What is the highest common divisor of 350 and 35350?
350
Calculate the highest common factor of 61 and 49349.
61
Calculate the greatest common divisor of 210 and 157710.
210
What is the greatest common factor of 2100 and 2625?
525
Calculate the greatest common factor of 736 and 71484.
92
Calculate the greatest common factor of 2868 and 405105.
717
What is the highest common factor of 611203 and 74?
37
What is the highest common divisor of 5820 and 9885?
15
What is the highest common factor of 16 and 21632?
16
What is the greatest common factor of 111 and 16672422?
111
What is the greatest common factor of 35304 and 168?
24
Calculate the greatest common factor of 33813 and 117.
117
Calculate the highest common factor of 287045 and 374.
187
What is the greatest common divisor of 7788586 and 104?
26
Calculate the highest common factor of 1440 and 240480.
1440
What is the highest common factor of 115 and 415?
5
Calculate the highest common factor of 11312 and 622.
2
What is the highest common divisor of 37064 and 1640?
328
What is the greatest common divisor of 105104 and 32?
16
What is the highest common factor of 54 and 1680390?
18
Calculate the highest common factor of 75530 and 36855.
455
What is the highest common divisor of 268294 and 53416?
1214
What is the highest common factor of 2299 and 71753?
121
Calculate the greatest common factor of 779646 and 1.
1
Calculate the highest com